when 340 is divided by (-65)/78 + 2949/(-36)*-2?
14
Let s(j) = -j**3 + 16*j**2 - 36*j - 10. Calculate the remainder when s(13) is divided by (-33)/2*8/(-12).
7
Let p = 15971 - 15911. Calculate the remainder when 102 is divided by p.
42
Let k(j) = j + 17. Let m be (-1)/4 - 118/8. Let f be k(m). Suppose -2*w = 3*s - f*s - 55, 0 = w - 3. What is the remainder when s is divided by 25?
24
Suppose -449 = -2*f - g, 0 = 8*g - 3*g - 5. What is the remainder when 859 is divided by f?
187
Let j = -7 + 12. Let i(s) = s**3 - 30*s**2 + 5*s - 127. Let n = 40 - 10. What is the remainder when i(n) is divided by j?
3
Let r(v) be the second derivative of v**4/12 + 5*v**3/3 - 9*v**2/2 - 10*v + 2. What is the remainder when r(-24) is divided by 11?
8
Suppose b + 0*b - 5*v + 107 = 0, b + 97 = -5*v. Let w = b - -143. Calculate the remainder when 78 is divided by w.
37
Suppose -3*g = k - 825, -4*g + 16*k + 1119 = 11*k. What is the remainder when g is divided by 82?
30
Suppose -884 = -8*o - 652. Suppose -2*v + 140 = -7*v. Calculate the remainder when (-16)/v - 1731/(-21) is divided by o.
25
Let l = -14446 - -14489. Calculate the remainder when 1145 is divided by l.
27
Let j(t) = t**3 - 4*t**2 - 9*t - 9. Let v = -36 - -49. What is the remainder when j(7) is divided by 4/(-2)*((-650)/20 + v)?
36
Let p(z) = 8*z**2 + 3. Let f(k) = -17*k**2 - k - 5. Let n(r) = -3*f(r) - 5*p(r). Calculate the remainder when 39 is divided by n(1).
11
Let g(d) = d**3 - 4*d**2 - 3*d - 39. Calculate the remainder when 133/4 + 2/8*-1 is divided by g(6).
3
Let x(o) = -o**3 - 14*o**2 + o + 20. Let p be x(-15). Suppose -74*w - p = -79*w. What is the remainder when 105 is divided by w?
13
Let z = -56 + 59. Let b be 5/(-4 - -9)*(1 + z). Suppose 8*k - 775 = 3*k + b*d, -5*d = -4*k + 620. Calculate the remainder when k is divided by 39.
38
Let b = 17 - 13. Let v be (-90)/12*b/3. Calculate the remainder when v/35 - 1432/(-14) is divided by 21.
18
Let i = 6917 - 3354. Calculate the remainder when i is divided by 593.
5
Let v = -20180 - -20266. What is the remainder when 11606 is divided by v?
82
Suppose -2*k + 0 = 6, -2*j = 2*k - 162. Let g(w) = 2*w**3 - 20*w**2 - 58*w + 620. What is the remainder when j is divided by g(10)?
4
Let h = -154 - -200. Suppose 16*c = 18*c - h. What is the remainder when 135 is divided by c?
20
Let o be 1166/18 - (-1)/(36/8). Let r = 73 - o. Suppose -r*z = -184 - 176. Calculate the remainder when 88 is divided by z.
43
Suppose 5912*j + 260 = 5925*j. Calculate the remainder when 29 is divided by j.
9
Suppose -99310 = -24*h + 6626. What is the remainder when h is divided by 12?
10
Let m(g) = g**3 - 45*g**2 + 49*g - 186. Let h be m(44). Suppose -55*w = -h*w - 42. Suppose 4*f - 6*f = -6. Calculate the remainder when f is divided by w.
1
Let l be 1/1 + 1 + 2. Let m = 6149 + -6144. Suppose l*a + m*a - 621 = 0. What is the remainder when a is divided by 14?
13
Let z(k) = k**3 + 4*k**2 + 8*k - 29. Suppose -3 - 17 = -4*t - 4*o, 2*t - 4 = o. What is the remainder when z(t) is divided by 12?
10
Suppose 10 = 2*f, -4*f + 134 = 12*k - 9*k. Suppose -7*p + 180 = -p. Calculate the remainder when k is divided by p.
8
Let g = 8482 - 8365. Calculate the remainder when 828 is divided by g.
9
Suppose 420 = -5*z - 5*o, 0 = 4*o - 3*o + 3. Let m = 81 + z. Let d(y) = -3*y + 14. Calculate the remainder when 111 is divided by d(m).
13
Suppose -t - 3282 = -f, 4*f + 8*t - 13182 = 3*t. What is the remainder when f is divided by 20?
8
Suppose 0 = 5*q + 2*z - 1413 + 353, q + z = 212. Suppose 56 - q = -13*v. What is the remainder when v is divided by 4?
0
Suppose 5 = o, v + 162 = -3*o - 7. Let t = v - -205. What is the remainder when 187 is divided by t?
19
What is the remainder when 2900 is divided by 990/(-24)*352/(-220)?
62
Let q = 1170 - -2366. Calculate the remainder when q is divided by 122.
120
Suppose 7*j - 41*j = -12614. What is the remainder when j is divided by 15?
11
Let u = 97 - 50. Calculate the remainder when u is divided by (-4)/12*-3 + 16 + 1.
11
Let c(o) = -o - 5. Let j be 2/(5*2/310). Suppose -5*n = j - 72. What is the remainder when n is divided by c(-6)?
0
Let v(q) = 2980*q + 3407. Calculate the remainder when v(-1) is divided by 134.
25
Suppose 5*b + 5*i = -360, 4*i - i - 260 = 4*b. Calculate the remainder when 165 is divided by b/(-6) - 16/(-24).
9
Let h = -11498 + 11508. Calculate the remainder when 2/(-4) + (-74)/(-4) is divided by h.
8
Suppose -9*h + 5*h = 2*k - 212, 5*k = 2*h + 590. Suppose -k*j = -119*j + 813. Calculate the remainder when j is divided by 8.
7
Suppose -8 = -5*t + 2*v, 3*t = v + 2*v + 12. Calculate the remainder when 477 is divided by (-6 - -19 - (0 + -3)) + t.
13
Suppose 21*n = 5*f + 16*n - 100, -f = 2*n - 20. Suppose -f*a - 2835 = -25*a. What is the remainder when a is divided by 10?
7
Let s = -5900 + 5922. Calculate the remainder when s is divided by ((-40)/14)/((-8)/28).
2
Let o be 6/(-27) + ((-724)/18)/(-1). Let h = o + 20. Let s = 88 - h. Calculate the remainder when 53 is divided by s.
25
Suppose 0 = s - w - 8, -4 = 9*s - 6*s + 4*w. Suppose -s*o + 3*k = -333, 0 = 3*o - 6*k + k - 236. What is the remainder when o is divided by 16?
7
Let r(a) = -15 + a**2 - 13 - 7 - 12 - 11*a + 41. What is the remainder when 137 is divided by r(14)?
29
Let v(t) = t**2 - 11*t + 20. Let k(w) = 2*w + 24. Let s be k(-6). Suppose 12 = 9*m - 8*m. Calculate the remainder when v(s) is divided by m.
8
Suppose -2*t = -3*k + 1127, 13*t - 9*t + 399 = k. What is the remainder when k is divided by 191?
180
Calculate the remainder when 551 is divided by ((-16119)/270)/((-51)/340).
153
Let h = -201 - -417. Let i(q) = 5931*q + 65251. Calculate the remainder when h is divided by i(-11).
6
Let z(u) = -2*u**2 - 91*u - 603. What is the remainder when 54 is divided by z(-9)?
0
Let f(p) = 9*p - 228. Let k(n) = -7*n**3 + 2*n**2 + n + 1. What is the remainder when f(67) is divided by k(-2)?
60
Let u(g) = 5*g - 38. Let v be u(8). Suppose -21 = -k - 4*l, 4*l + 2 = -v*k + 40. Calculate the remainder when (-32)/(-2)*1*3 is divided by k.
14
Let b = -3614 - -3961. What is the remainder when b is divided by 27?
23
Calculate the remainder when 132 is divided by (-672)/15*(-10)/4 + 8.
12
Suppose i - 11 + 15 = 0. Let w(u) = -3*u + 30. What is the remainder when w(i) is divided by 21?
0
What is the remainder when 152 is divided by (-2 - -2) + (5 + -5)/(-11) - -11?
9
Suppose 0 = -19*b + 22*b + 18. Let i be (b - 52/(-8))*(18 - 0). Calculate the remainder when 9 is divided by (1 - i/6)*-16.
1
Let j = 154 - 82. Let g = -51 + j. Suppose 4*u = 3*w + 308, 54*u - 24 = 54*u - 3*w. What is the remainder when u is divided by g?
20
Let r(s) = 2*s - 5. Let x be r(4). Let m(q) = -18*q + 120. What is the remainder when (-1 + 4 + -22)*x*-1 is divided by m(6)?
9
Let k(d) = d + 5. Let q be k(-8). What is the remainder when 45 is divided by 7 + q + -10 - -29?
22
Let v = 5806 - 5772. Calculate the remainder when 3024 is divided by v.
32
Let s(q) = q**3 - 36*q**2 + 21. Calculate the remainder when 3428 is divided by s(36).
5
Let i = -18901 - -18931. Calculate the remainder when 1589 is divided by i.
29
Suppose -813*z + 782*z = -558. Calculate the remainder when 238 is divided by z.
4
Let g(n) = -9*n + 22. What is the remainder when 213 is divided by g(-8)?
25
Let p = -70 + 95. Suppose 5*h - 4*f = 78, 2*h - p = f + 5. What is the remainder when h is divided by 3?
2
Suppose 53*g = 9227 + 33438. Let f = -21 + 122. What is the remainder when g is divided by f?
98
Let s be (-105)/(-18) + -2 - 5/(-30). Suppose -30 = -s*f - 11*f. What is the remainder when 614/18 - f/18 is divided by 9?
7
Let d be -2*2/(-4)*0. Let i = 8 - d. What is the remainder when ((-3 - 6/(-9)) + 1)*(-23625)/630 is divided by i?
2
Let b = -7257 - -7276. Let f(a) = a**3 - 11*a**2 + 11*a + 6. What is the remainder when f(12) is divided by b?
16
Let v(a) = -4*a - 12. Let f be v(-4). Suppose 2*t = f*w - 228, 2*w + 2*w - t = 232. Suppose -5*z + 101 = 41. Calculate the remainder when w is divided by z.
11
Let h be (-35 - -33) + ((-12)/2)/3. Let b = 19 + h. What is the remainder when 193 is divided by b?
13
Let i = 142 + -104. Let y(w) = -37*w - 56 + i*w + 3*w - 2*w**2 - 53*w. Calculate the remainder when 127 is divided by y(-23).
10
Suppose p = -p - 3*n + 13, 2*p = -4*n + 